{"id":9,"date":"2018-06-05T16:35:54","date_gmt":"2018-06-05T16:35:54","guid":{"rendered":"https:\/\/ferienpass.bad-salzdetfurth.de\/?page_id=9"},"modified":"2025-06-10T14:45:31","modified_gmt":"2025-06-10T12:45:31","slug":"startseite","status":"publish","type":"page","link":"https:\/\/ferienpass.bad-salzdetfurth.de\/","title":{"rendered":"Startseite"},"content":{"rendered":"\n<p><strong>Ferienspa\u00df in Bad Salzdetfuth<\/strong><\/p>\n\n\n\n<p>Die Sommerferien stehen vor der T\u00fcr. Sechs Wochen frei und Zeit f\u00fcr Familie, Freunde, Freibad und Dinge, die euch Spa\u00df machen.<\/p>\n\n\n\n<p>F\u00fcr eine sch\u00f6ne Ferienzeit hat das Team des Kinder- und Jugendzentrums Hajo f\u00fcr euch wieder Freizeitangebote, Gutscheine und Erm\u00e4\u00dfigungen zusammengestellt.<\/p>\n\n\n\n<p>An dieser Stelle m\u00f6chte ich mich ganz herzlich bei allen, die sich an den Angeboten im Ferienpass beteiligt haben, bedanken. Ohne ihr meist ehrenamtliches Engagement w\u00e4ren eure Ferien langweiliger.<\/p>\n\n\n\n<p>Bereits im achten Jahr gibt es den Ferienpass online. Alle Angebote findet Ihr unter:<\/p>\n\n\n\n<p><strong>ferienpass.bad-salzdetfurth.de<\/strong><\/p>\n\n\n\n<p>Erg\u00e4nzend dazu gibt es eine kostenlose Brosch\u00fcre mit einer Angebots\u00fcbersicht, Erm\u00e4\u00dfigungen und Gutscheinen.<\/p>\n\n\n\n<p> Ich w\u00fcnsche euch sch\u00f6ne und abwechselungsreiche Sommerferien bei hoffentlich bestem Wetter.<\/p>\n\n\n\n<p>Genie\u00dft eure Ferienzeit!<\/p>\n\n\n\n<p>Euer<\/p>\n\n\n\n<figure class=\"wp-block-image\"><img loading=\"lazy\" decoding=\"async\" width=\"209\" height=\"117\" src=\"https:\/\/ferienpass.bad-salzdetfurth.de\/wp-content\/uploads\/2019\/06\/Unterschrift-Gryschka-Vor-und-Zuname.jpg\" alt=\"\" class=\"wp-image-488\"\/><\/figure>\n\n\n\n<p>Bj\u00f6rn Gryschka                                                                                                                                      (B\u00fcrgermeister)  <\/p>\n\n\n\n<p>Bad Salzdetfurth, im Juni 2025<\/p>\n\n\n<hr \/>\n<p><strong>Ferienpass online und kostenlose Brosch\u00fcre<\/strong><\/p>\n<p>Liebe Kinder, liebe Jugendlichen und liebe Eltern,<\/p>\n<p>auch f\u00fcr diese Sommerferien haben wir Angebote, Veranstaltungen, Gutscheine und Erm\u00e4\u00dfigungen f\u00fcr euch zusammengestellt, damit ihr eure Ferien abwechslungsreich gestalten k\u00f6nnt.<\/p>\n<p>Wir bedanken uns bei allen, die dazu beigetragen haben, tolle Angebote f\u00fcr den Ferienpass 2025 zu erm\u00f6glichen.<\/p>\n<p>Alle Informationen und Angebote findet ihr unter:<\/p>\n<p><a href=\"http:\/\/www.ferienpass.bad-salzdetfurth.de\"><strong>www.ferienpass.bad-salzdetfurth.de<\/strong><\/a><\/p>\n<p>Auf dieser Homepage findet ihr vielseitige Angebote und auch alle Informationen zu den einzelnen Veranstaltungen.<\/p>\n<p>Erg\u00e4nzend dazu gibt es eine kostenlose Brosch\u00fcre mit einer Angebots\u00fcbersicht, Erm\u00e4\u00dfigungen und Gutscheinen unserer Partner f\u00fcr die Sommerferien. Auch die Badekarte f\u00fcr das Freibad in Bad Salzdetfurth findet ihr dort. Ihr erhaltet dreimal freien Eintritt. Diese Brosch\u00fcre wird an allen vier Grundschulen und in den f\u00fcnften und sechsten Klassen der IGS in Bad Salzdetfurth an die Kinder verteilt.<\/p>\n<p>Ihr erhaltet diese Brosch\u00fcre aber auch im Kinder- und Jugendzentrum Hajo in der Raabestr. 8 und bei der Information im Rathaus in Bad Salzdetfurth. Nur solange der Vorrat reicht.\u00a0<\/p>\n<p>Es lohnt sich immer mal wieder auf die Homepage zu schauen, da diese regelm\u00e4\u00dfig aktualisiert wird. Bei einigen Angeboten auf der Homepage habe ich Flyer oder Plakate verlinkt. Diese Links sind unterstrichen.<\/p>\n<p>Wenn ihr Anregungen f\u00fcr den n\u00e4chsten Ferienpass oder R\u00fcckfragen zu den Angeboten in diesem Jahr habt, dann wendet euch bitte an:<\/p>\n<p><strong>Jugendarbeit, Melanie Gerlach (Tel. 05063\/5619 oder <a href=\"mailto:m.gerlach@bad-salzdetfurth.de\">m.gerlach@bad-salzdetfurth.de)<\/a><\/strong><\/p>\n<p>Wir w\u00fcnschen euch viel Spa\u00df\ud83d\ude09!<\/p>\n<p>Melanie Gerlach, Jugendpflegerin<\/p>\n<p><img decoding=\"async\" src=\"https:\/\/ferienpass.bad-salzdetfurth.de\/wp-content\/uploads\/2025\/06\/Plakat-Fepo-2025-scaled.jpg\" \/><\/p>\n<h4>Achtung! Datenschutz und Fotografieren<\/h4>\n<p>Im Ferienprogramm ist bei den verschiedensten Aktionen immer was los. Das m\u00f6chte man auch auf einem Foto dokumentieren. Wenn ihr Kind nicht fotografiert werden soll, sagen sie bitte rechtzeitig der Leitung der einzelnen Veranstaltungen Bescheid.<\/p>\n<p>Die Datenschutzerkl\u00e4rung des Kinder- und Jugendzentrums Hajo h\u00e4ngt im Kinder- und Jugendzentrum aus und sie ist auf der Webseite der Stadt <a href=\"https:\/\/www.bad-salzdetfurth.de\/media\/custom\/2560_783_1.PDF?1553150154\" target=\"_blank\" rel=\"noopener noreferrer\">www.bad-salzdetfurth.de<\/a>\u00a0 unter Jugendarbeit &#8211; Kinder- und Jugendzentrum Hajo rechts unten im Block Dokumente hinterlegt. Wir k\u00f6nnen sie ihnen aber auch gerne auf Wunsch zuschicken.<\/p>\n\n\n<p><\/p>\n","protected":false},"excerpt":{"rendered":"<p>Ferienspa\u00df in Bad Salzdetfuth Die Sommerferien stehen vor der T\u00fcr. Sechs Wochen frei und Zeit f\u00fcr Familie, Freunde, Freibad und Dinge, die euch Spa\u00df machen. F\u00fcr eine sch\u00f6ne Ferienzeit hat das Team des Kinder- und Jugendzentrums Hajo f\u00fcr euch wieder Freizeitangebote, Gutscheine und Erm\u00e4\u00dfigungen zusammengestellt. An dieser Stelle m\u00f6chte ich mich ganz herzlich bei allen, &hellip; <\/p>\n<p class=\"link-more\"><a href=\"https:\/\/ferienpass.bad-salzdetfurth.de\/\" class=\"more-link\"><span class=\"screen-reader-text\">\u201eStartseite\u201c <\/span>weiterlesen<\/a><\/p>\n","protected":false},"author":2,"featured_media":0,"parent":0,"menu_order":0,"comment_status":"closed","ping_status":"closed","template":"","meta":{"footnotes":""},"class_list":["post-9","page","type-page","status-publish","hentry"],"_links":{"self":[{"href":"https:\/\/ferienpass.bad-salzdetfurth.de\/index.php?rest_route=\/wp\/v2\/pages\/9","targetHints":{"allow":["GET"]}}],"collection":[{"href":"https:\/\/ferienpass.bad-salzdetfurth.de\/index.php?rest_route=\/wp\/v2\/pages"}],"about":[{"href":"https:\/\/ferienpass.bad-salzdetfurth.de\/index.php?rest_route=\/wp\/v2\/types\/page"}],"author":[{"embeddable":true,"href":"https:\/\/ferienpass.bad-salzdetfurth.de\/index.php?rest_route=\/wp\/v2\/users\/2"}],"replies":[{"embeddable":true,"href":"https:\/\/ferienpass.bad-salzdetfurth.de\/index.php?rest_route=%2Fwp%2Fv2%2Fcomments&post=9"}],"version-history":[{"count":48,"href":"https:\/\/ferienpass.bad-salzdetfurth.de\/index.php?rest_route=\/wp\/v2\/pages\/9\/revisions"}],"predecessor-version":[{"id":1732,"href":"https:\/\/ferienpass.bad-salzdetfurth.de\/index.php?rest_route=\/wp\/v2\/pages\/9\/revisions\/1732"}],"wp:attachment":[{"href":"https:\/\/ferienpass.bad-salzdetfurth.de\/index.php?rest_route=%2Fwp%2Fv2%2Fmedia&parent=9"}],"curies":[{"name":"wp","href":"https:\/\/api.w.org\/{rel}","templated":true}]}}

<p><strong>Ferienspaß in Bad Salzdetfuth</strong></p>



<p>Die Sommerferien stehen vor der Tür. Sechs Wochen frei und Zeit für Familie, Freunde, Freibad und Dinge, die euch Spaß machen.</p>



<p>Für eine schöne Ferienzeit hat das Team des Kinder- und Jugendzentrums Hajo für euch wieder Freizeitangebote, Gutscheine und Ermäßigungen zusammengestellt.</p>



<p>An dieser Stelle möchte ich mich ganz herzlich bei allen, die sich an den Angeboten im Ferienpass beteiligt haben, bedanken. Ohne ihr meist ehrenamtliches Engagement wären eure Ferien langweiliger.</p>



<p>Bereits im achten Jahr gibt es den Ferienpass online. Alle Angebote findet Ihr unter:</p>



<p><strong>ferienpass.bad-salzdetfurth.de</strong></p>



<p>Ergänzend dazu gibt es eine kostenlose Broschüre mit einer Angebotsübersicht, Ermäßigungen und Gutscheinen.</p>



<p> Ich wünsche euch schöne und abwechselungsreiche Sommerferien bei hoffentlich bestem Wetter.</p>



<p>Genießt eure Ferienzeit!</p>



<p>Euer</p>



<figure class="wp-block-image"><img loading="lazy" decoding="async" width="209" height="117" src="https://ferienpass.bad-salzdetfurth.de/wp-content/uploads/2019/06/Unterschrift-Gryschka-Vor-und-Zuname.jpg" alt="" class="wp-image-488"/></figure>



<p>Björn Gryschka                                                                                                                                      (Bürgermeister)  </p>



<p>Bad Salzdetfurth, im Juni 2025</p>


<hr />
<p><strong>Ferienpass online und kostenlose Broschüre</strong></p>
<p>Liebe Kinder, liebe Jugendlichen und liebe Eltern,</p>
<p>auch für diese Sommerferien haben wir Angebote, Veranstaltungen, Gutscheine und Ermäßigungen für euch zusammengestellt, damit ihr eure Ferien abwechslungsreich gestalten könnt.</p>
<p>Wir bedanken uns bei allen, die dazu beigetragen haben, tolle Angebote für den Ferienpass 2025 zu ermöglichen.</p>
<p>Alle Informationen und Angebote findet ihr unter:</p>
<p><a href="http://www.ferienpass.bad-salzdetfurth.de"><strong>www.ferienpass.bad-salzdetfurth.de</strong></a></p>
<p>Auf dieser Homepage findet ihr vielseitige Angebote und auch alle Informationen zu den einzelnen Veranstaltungen.</p>
<p>Ergänzend dazu gibt es eine kostenlose Broschüre mit einer Angebotsübersicht, Ermäßigungen und Gutscheinen unserer Partner für die Sommerferien. Auch die Badekarte für das Freibad in Bad Salzdetfurth findet ihr dort. Ihr erhaltet dreimal freien Eintritt. Diese Broschüre wird an allen vier Grundschulen und in den fünften und sechsten Klassen der IGS in Bad Salzdetfurth an die Kinder verteilt.</p>
<p>Ihr erhaltet diese Broschüre aber auch im Kinder- und Jugendzentrum Hajo in der Raabestr. 8 und bei der Information im Rathaus in Bad Salzdetfurth. Nur solange der Vorrat reicht. </p>
<p>Es lohnt sich immer mal wieder auf die Homepage zu schauen, da diese regelmäßig aktualisiert wird. Bei einigen Angeboten auf der Homepage habe ich Flyer oder Plakate verlinkt. Diese Links sind unterstrichen.</p>
<p>Wenn ihr Anregungen für den nächsten Ferienpass oder Rückfragen zu den Angeboten in diesem Jahr habt, dann wendet euch bitte an:</p>
<p><strong>Jugendarbeit, Melanie Gerlach (Tel. 05063/5619 oder <a href="mailto:m.gerlach@bad-salzdetfurth.de">m.gerlach@bad-salzdetfurth.de)</a></strong></p>
<p>Wir wünschen euch viel Spaß😉!</p>
<p>Melanie Gerlach, Jugendpflegerin</p>
<p><img decoding="async" src="https://ferienpass.bad-salzdetfurth.de/wp-content/uploads/2025/06/Plakat-Fepo-2025-scaled.jpg" /></p>
<h4>Achtung! Datenschutz und Fotografieren</h4>
<p>Im Ferienprogramm ist bei den verschiedensten Aktionen immer was los. Das möchte man auch auf einem Foto dokumentieren. Wenn ihr Kind nicht fotografiert werden soll, sagen sie bitte rechtzeitig der Leitung der einzelnen Veranstaltungen Bescheid.</p>
<p>Die Datenschutzerklärung des Kinder- und Jugendzentrums Hajo hängt im Kinder- und Jugendzentrum aus und sie ist auf der Webseite der Stadt <a href="https://www.bad-salzdetfurth.de/media/custom/2560_783_1.PDF?1553150154" target="_blank" rel="noopener noreferrer">www.bad-salzdetfurth.de</a>  unter Jugendarbeit &#8211; Kinder- und Jugendzentrum Hajo rechts unten im Block Dokumente hinterlegt. Wir können sie ihnen aber auch gerne auf Wunsch zuschicken.</p>


<p></p>

<p>Ferienspaß in Bad Salzdetfuth Die Sommerferien stehen vor der Tür. Sechs Wochen frei und Zeit für Familie, Freunde, Freibad und Dinge, die euch Spaß machen. Für eine schöne Ferienzeit hat das Team des Kinder- und Jugendzentrums Hajo für euch wieder Freizeitangebote, Gutscheine und Ermäßigungen zusammengestellt. An dieser Stelle möchte ich mich ganz herzlich bei allen, &hellip; </p>
<p class="link-more"><a href="https://ferienpass.bad-salzdetfurth.de/" class="more-link"><span class="screen-reader-text">„Startseite“ </span>weiterlesen</a></p>
